31*y + w. List the prime factors of y.
127
Suppose 4*m - 660 = -4*n + 3848, 3*m - 4*n - 3353 = 0. What are the prime factors of m?
1123
Suppose -2*u + 5*u + 114 = 0. Let h = u - -41. Suppose 3*c + 53 - 286 = 2*f, c - 87 = h*f. List the prime factors of c.
3, 5
Suppose -24*t + 27*t - 2361 = 0. What are the prime factors of t?
787
Let b = -1994 - -2889. List the prime factors of b.
5, 179
Let h = -6 - -9. Suppose 70 = h*c - 8. What are the prime factors of c?
2, 13
Let v = 547 - 132. List the prime factors of v.
5, 83
Suppose 4*j = -6 + 26. Suppose j*z + 997 - 197 = 0. What are the prime factors of z/(-6)*(-24)/(-10)?
2
Let w(u) = u**2 + 2*u + 1. Let y be ((-8)/(-12))/1*-12. Let o be w(y). Suppose -2*m - k = -70, 3*k + o = -m + 2*m. List the prime factors of m.
37
Let y(r) = r**2 + 5*r + 3. Let w be y(-2). Let p be 75/(-12)*(w - 1). Suppose 0 = 5*g - 4*g - p. What are the prime factors of g?
5
What are the prime factors of -2 - (-193 - (-11)/((-66)/(-12)))?
3, 7
Suppose -7*o + 24 = -3*o. Suppose -765 = -o*k - 3*k. What are the prime factors of k?
5, 17
Let z(f) = 271*f**2 + 5*f + 1. What are the prime factors of z(-1)?
3, 89
Let h(y) = y**3 - 11*y**2 + 12*y + 11. Let m be h(10). Suppose 3*w = -22 + m. Suppose 0 = -5*r + w*j - 2*j + 214, 2*r = 3*j + 96. List the prime factors of r.
2, 3, 7
Let t = -8 - -11. Suppose 3 = t*p + 6. What are the prime factors of 13/(-2)*(-1 + p)?
13
Suppose -3*o + 3*x - 61 = -2071, 4*x - 1352 = -2*o. List the prime factors of o.
2, 3, 7
Suppose 154 = -23*v + 25*v. Suppose -v - 19 = -3*s. What are the prime factors of s?
2
Let u = -4 + 8. Let g be -5*1 - u/2. Let c = 4 - g. What are the prime factors of c?
11
Suppose 0 = 5*g - 0*g - 20. Suppose -6*r + g = -32. List the prime factors of r.
2, 3
Let x(u) = -21*u**3. Let t be x(-1). Let v be 3/2*14/t. List the prime factors of (-1 - v)/(1/(-12)).
2, 3
Let r(s) = s**3 - 19*s**2 - 30*s - 91. List the prime factors of r(22).
701
List the prime factors of (-5)/9 + 1 + 19855/99.
3, 67
What are the prime factors of 867/6 - (7/14 - 0)?
2, 3
What are the prime factors of 24/10*(-30)/(-12) + 115?
11
Suppose 3*k = 0, 4*i + k = 2*i + 52. Let n = 30 - i. Suppose 0*s - s = 3*x - 147, n*x = -2*s + 198. List the prime factors of x.
2, 3
Let q be 1/(-2)*(-1 + -1). Let o be 4 - (q - (-14)/(-2)). Let h = o - -44. What are the prime factors of h?
2, 3
Let k(g) = 282*g + 32. List the prime factors of k(2).
2, 149
Let c(x) = x**3 + 23*x**2 + 46*x - 28. List the prime factors of c(-20).
2, 3, 7
Let l(y) = 12*y**2 - 36*y + 106. List the prime factors of l(8).
2, 293
Suppose -171 = 4*n - 47. Let q = -32 - -126. Let h = n + q. List the prime factors of h.
3, 7
Let l = -190 + 92. Let j = 127 + l. What are the prime factors of j?
29
Let n(z) = 4*z - 41. Let j be n(17). What are the prime factors of j/3*(10 - -1)?
3, 11
Suppose 5*z = 2*b - 3575, 0 = 6*b - 2*b + 5*z - 7075. List the prime factors of b.
5, 71
Let j(f) be the third derivative of 7*f**4/24 + 5*f**2. Let t be j(3). What are the prime factors of (-6)/t + 74/14?
5
Let x(w) = -1 + 5*w + 6 + 5*w + 62*w**2 - 63*w**2. Let f be x(10). Suppose f*c = -72 + 342. What are the prime factors of c?
2, 3
Let a = 245 + 4. What are the prime factors of a?
3, 83
Let t(u) = 2*u**3 + 2*u**2 - 4*u - 7. Let w be t(-2). What are the prime factors of (-58)/(-10) + w/(-35)?
2, 3
Suppose 3*p + 85 = -2*p. Let z be (76/3 + 2)*(-3)/(-2). Let i = p + z. List the prime factors of i.
2, 3
Let v be -1 + (-3)/1 + -1 + 9. Suppose -5*x - p = v*p - 45, -x - 5*p = -17. What are the prime factors of x?
7
Let h(b) = b**3 + 8*b**2 - b - 4. Let r be h(-7). Suppose -2*n = 4*j + 2*n - r, 27 = 2*j + 3*n. Suppose 10 = 2*d - j. List the prime factors of d.
11
Let x(k) = -9*k + 6. Let c be x(3). Let g be -15*(c/9 + 2). Suppose 5 = g*l, n + l + 4*l = 36. What are the prime factors of n?
31
Suppose -2*u + 6*i + 7076 = 10*i, 10649 = 3*u - i. What are the prime factors of u?
2, 887
Let g be (-5)/((-10)/126)*-7. Let v = g - -693. What are the prime factors of v?
2, 3, 7
Let u = -1 + -1. Let n be 1 + u + -2 + -24. Let w = 46 + n. What are the prime factors of w?
19
Let i(y) = 11*y - 8. Let o be i(2). Let v(q) = 5*q - 21. What are the prime factors of v(o)?
7
Let z = 100 + -14. What are the prime factors of -6*(-3)/(18/z)?
2, 43
Suppose -2*u + 3 + 3 = -5*n, 3*u = -4*n + 55. Suppose 2*h + 11*r - 6*r = -50, 5*r = 0. Let i = u - h. What are the prime factors of i?
2, 19
Let g(c) = -c**3 - 12*c**2 - 27*c + 2. Let i be g(-9). Suppose i*f + 5*f = 1603. List the prime factors of f.
229
Suppose -28*u - 1248 = -32*u. What are the prime factors of u?
2, 3, 13
Let h = 16 - 11. Suppose 4*n - h*n - 3 = 0. What are the prime factors of n/(-1) - 1*-21?
2, 3
Let c be (-2)/3*4779/(-18). Let s = c + -125. List the prime factors of s.
2, 13
What are the prime factors of (-656 + -3)/(-1) + 5?
2, 83
Let q = -6 - -9. Let t(u) be the first derivative of 11*u**2 + u + 17. List the prime factors of t(q).
67
Let g be (-45)/80*-4*-4. Let j be 2/3 + 6/g. Suppose i - 71 + 15 = j. What are the prime factors of i?
2, 7
Let s = 9 - 5. Suppose 1 = -s*p + 17. List the prime factors of (3/(-12))/(p/(-208)).
13
Suppose 11746 = 10*o - 15404. What are the prime factors of o?
3, 5, 181
Let t(s) = -s**3 - s**2 + 22*s - 3. Let u be t(-9). Let b = u - 227. List the prime factors of b.
2, 5, 11
Let k(i) = -i**3 + i**2 + 4*i - 1. List the prime factors of k(2).
3
List the prime factors of -6 - (-3 - 1) - -66.
2
Let l(v) = -2*v - 12. Let x be l(-5). Let r = x + 2. Suppose r = -4*t + 4*s - 0*s + 92, 0 = 2*s - 6. What are the prime factors of t?
2, 13
Suppose -788*f + 784*f + 3972 = 0. List the prime factors of f.
3, 331
Let f(q) = q**2 + 5*q - 2. Let d be f(-6). Suppose 3*m = d*m + 2, -2*a - m - 18 = 0. Let x = a + 21. List the prime factors of x.
13
Let d(m) = m**2 + 4*m + 2. Suppose -z + 6 = -3*z. Let h be (z/(-4))/((-2)/16). List the prime factors of d(h).
2, 7
Suppose -17*r + 307 + 43791 = 0. List the prime factors of r.
2, 1297
Let k(x) = -x**2 + 8*x - 3. Let i be k(7). List the prime factors of (1 + 135/(-12))/(i/(-112)).
7, 41
Suppose -11 - 1031 = -a - 2*r, -3*a + 3*r = -3144. List the prime factors of a.
2, 523
Let b(t) = -13*t + 1. Let c(k) = -14*k + 2. Let l(y) = 5*b(y) - 4*c(y). List the prime factors of l(-8).
3, 23
Suppose 0 = -2*x - j - 213, -2*x - 207 = -5*j - 0*j. Let w = x - -171. Suppose 4*v - 123 = w. What are the prime factors of v?
47
Let s(y) = y**3 + 5*y**2 - 6*y + 4. Let v be s(-6). Suppose v = -2*j + 24. List the prime factors of j.
2, 5
Suppose s + 5 = 6*s, 5*v - 24 = -4*s. Let n(x) = -10*x + 3. Let f be n(v). Let b = f - -52. List the prime factors of b.
3, 5
Let y be 3 + 0 + (11 - -250). Let a = y + -101. Suppose 5*n - 3*c = 146, a - 49 = 4*n - c. What are the prime factors of n?
2, 7
Suppose -u + j = 4*u + 698, -j = -3*u - 420. Let r = u + 231. List the prime factors of r.
2, 23
Suppose -14*x + 5057 = -8565. List the prime factors of x.
7, 139
Let m = 0 - -27. Let y = 84 + -75. List the prime factors of 951/m + (-2)/y.
5, 7
Let a = 15807 - 10048. List the prime factors of a.
13, 443
Suppose y - 7 + 4 = 0. Let r be 206/y - 3/(-9). Suppose -3*p - 9 = -r. What are the prime factors of p?
2, 5
Let d = 300 + -91. Suppose -187 = -5*l - 2*w + 57, d = 4*l - 3*w. Suppose 0 = -3*p - 17 + l. List the prime factors of p.
11
Let r = -23 + 22. Let y be r/(8/12 - 1). List the prime factors of 45*(-1 - (-6)/y).
3, 5
Let c(l) = l + 9. Let g be c(-7). Let h(y) = -17*y**3 + g - 21*y**3 - 2*y**2 + 2*y + 40*y**3. List the prime factors of h(3).
2, 11
Suppose -326*m + 59570 = -303*m. List the prime factors of m.
2, 5, 7, 37
Let u(x) be the second derivative of -7*x**5/120 - 5*x**4/8 + 4*x**3/3 + x. Let c(h) be the second derivative of u(h). What are the prime factors of c(-6)?
3
List the prime factors of (6/4)/((-6)/37020*-15).
617
Let a be (-280)/(-21)*(-6)/5. Let c(f) = f + 20. Let w be c(a). Suppose w*n = -4*p + 120, 0 = 3*p - 3*n - 0*n - 114. List the prime factors of p.
2, 17
Let s(t) = 3*t**2 + 25*t + 6. Let f be s(-10). Let a = 112 - f. List the prime factors of a.
2, 7
Suppose 2*s = -5*h + 9733 - 889, 2*h - 3555 = 5*s. List the prime factors of h.
2, 3, 5, 59
Let h(d) = -d**2 - 9*d - 1. Suppose 5*q + 5*r - 5 = 0, -2*